 = -2*s - 8*c + 3*c. Calculate the highest common divisor of 22 and s.
22
Let w(l) = l**2 + 18*l + 20. Let b be w(-17). Suppose -3*r - 3*a = 21, 4*a + 8 = 4*r - 3*r. Let x = r - -5. Calculate the greatest common divisor of b and x.
1
Let k be (-7)/3*(-59 - -2). Suppose 417 = 4*a + k. Suppose 4*x = -5*b + a, 33 = x - 5*b - 16. What is the greatest common divisor of x and 60?
12
Suppose 0 = 4*u - 17*q + 19*q - 872, -2*u + 2*q = -424. Calculate the highest common factor of u and 360.
72
Suppose -2*b = -89 - 87. Suppose -3*d - 318 = -45. Let u = -80 - d. What is the greatest common divisor of b and u?
11
Let r(a) = -6*a + 24. Let h(b) = b - 5. Let d(i) = 22*h(i) + 4*r(i). Let u be d(-11). What is the greatest common divisor of 8 and u?
8
Let f(n) = 7 + n - 2*n - 2. Let a be f(0). Let d(w) = 2*w**2 + w - 1. Let p be d(a). Calculate the highest common divisor of p and 36.
18
Let w = 325 - 309. Calculate the highest common divisor of 112 and w.
16
Suppose -2*s - 94 = -5*c + 4*c, 297 = 3*c - s. Let p be (-3 - -2) + (0 - c/(-4)). Calculate the highest common divisor of 264 and p.
24
Suppose 4*v - 54 = -2. Let n = 11 - v. Let k = n + 6. What is the greatest common factor of 10 and k?
2
Let s(t) = 5*t + 1. Let k(i) = -i**3 + 11*i**2 - 11*i + 14. Let d be k(10). Let h be s(d). Calculate the greatest common factor of h and 42.
21
Suppose 3*u = 15 + 6. Suppose 4*y - 9*y = -280. What is the greatest common factor of y and u?
7
Let w(s) = 8*s - 16. Let k be w(5). Let q be (-2)/11 + 48/22. Suppose 6 = i - q. What is the greatest common divisor of i and k?
8
Let n = -5509 - -5512. Let g(b) = b**3 - 6*b**2 + 3*b + 3. Let s be g(6). Calculate the greatest common factor of s and n.
3
Let k(d) = -81*d + 28. Let q be k(-4). Calculate the greatest common divisor of 11 and q.
11
Let v = -28 + 31. Let m(q) = 3 + 0 - 7 + 28*q. Let z be m(v). What is the highest common factor of z and 16?
16
Let o be (42/(-18))/(((-3)/(-108))/(-1)). What is the greatest common factor of o and 196?
28
Suppose 20 = 4*n + 2*g, -2*n + 0 = -g - 6. What is the highest common factor of n and 20?
4
Let d be (2/3)/((-13)/(-273)). Calculate the greatest common factor of d and 448.
14
Suppose 0 = -l - 3*m + 332, -25*l + 23*l + 2*m = -688. Let u = 26 - 1. Suppose -6 = -y + u. What is the highest common divisor of y and l?
31
Let d(o) = 2*o**3 + 23*o**2 + 5*o + 2. Let q be d(-7). Calculate the highest common factor of q and 42.
6
Let o be -12 - -19 - (-2)/1. Suppose -22*l + 23*l - 81 = 0. What is the greatest common divisor of l and o?
9
Let a = 1323 - 586. What is the greatest common factor of a and 33?
11
Let j = 3907 + -2507. What is the greatest common divisor of j and 40?
40
Let l = 1552 - 800. Calculate the greatest common divisor of l and 47.
47
Suppose -4*d + 2*t = 7*t - 1729, -2*t = d - 436. Let g = d + -146. Calculate the greatest common factor of g and 56.
56
Let a be 3*(-3)/(27/(-15)). Let k be (-436)/(-10) - (-2)/a. Let w be 220/(-100)*(3 + -8)*1. Calculate the greatest common factor of w and k.
11
Let x(p) = 3*p - 7. Suppose -7*q + 5 = -6*q. Let g be x(q). What is the highest common divisor of 12 and g?
4
Suppose -79*q = 6343 - 21748. What is the highest common divisor of q and 715?
65
Suppose -3*m + 7*k + 269 = 2*k, 3*m - 261 = -3*k. Calculate the greatest common divisor of m and 8.
8
Suppose -2*h + 6 = -2. Let j = h + 6. Calculate the highest common divisor of j and 70.
10
Let q be (33/9 + 1)/(2/3). Suppose -4*w - 3*y + 266 = -45, -4*y = 3*w - 235. What is the greatest common factor of w and q?
7
Let z(t) = -3*t - 6. Let r be z(-3). Suppose -6*j + 561 = -r*j. Calculate the greatest common divisor of 17 and j.
17
Let a(m) = m**3 - 3*m**2 + 0*m - 2*m**3 - 3*m. Let p be a(-3). Suppose -2*o + 0*o = 5*v - 86, o + 92 = 5*v. Calculate the greatest common factor of p and v.
9
Suppose 3*r + 0 = 66. Let t = 13 + r. Let j be 3/(-3)*t/(-5). What is the greatest common divisor of j and 7?
7
Suppose -5*d + 30 = -0*d. Suppose -b - 85 = -5*x, 4*x = -5*b + 20 + 77. Calculate the highest common factor of x and d.
6
Suppose -13*a - x + 248 = -11*a, 0 = -5*a + 5*x + 650. Calculate the highest common factor of a and 378.
126
Let m(w) = -6*w + 36. Let s be m(-2). What is the greatest common divisor of s and 30?
6
Suppose -u + 9 - 24 = -2*b, -3*b - 5*u + 29 = 0. Suppose -b + 10 = f. Calculate the highest common factor of 18 and f.
2
Suppose -3570 = -4*q - 942. Suppose -q + 33 = -2*s. Calculate the highest common divisor of s and 39.
39
Suppose 5*b - 23*b = -2250. What is the highest common factor of 225 and b?
25
Let m be 40/(7/14*4). What is the greatest common divisor of 25 and m?
5
Suppose -3*y = 3*b - 21, -2*y + 4 + 10 = b. Suppose -6*x - 2*p = -x - y, -4*x = -p - 3. Suppose -w = -0*w - x. Calculate the greatest common factor of w and 5.
1
Let n be 26/(-4)*-2 + -4. Let q = n + 8. What is the greatest common factor of q and 187?
17
Let x = -313 - -558. Let n(b) = -b**2 + 5*b. Let g be n(-4). Let c = g - -71. What is the greatest common factor of x and c?
35
Let j = 3189 - 1861. Calculate the highest common divisor of j and 83.
83
Suppose 0 = -5*h, 5*j - j = -4*h - 72. Let x = 42 + j. Let o(m) = -145*m**3 + m**2 + m - 1. Let a be o(-1). What is the greatest common divisor of a and x?
24
Suppose -9*w + 8825 + 2173 = 0. Calculate the greatest common factor of w and 188.
94
Let p(x) = 2*x - 8. Let k be p(5). Let d(s) = 31*s + 4. Let r be d(k). Let a be r/(-4)*(-12)/6. What is the highest common divisor of 11 and a?
11
Let m be (-2)/8 + (-2704)/(-64). Suppose -2*q + 96 = 3*u, -6*q + m = u - 2*q. Calculate the greatest common factor of u and 60.
30
Let z be (18/21*-1)/(3/(-21)). Let p be z + 0 + 3/1. Calculate the greatest common factor of 27 and p.
9
Let s = 66 - 129. Let l be (9 + -13)/(2/s). Calculate the greatest common divisor of l and 18.
18
Let m(j) = -2 + 10*j**2 - 3 + 6 - 6*j - 9. Let p be m(-4). What is the greatest common divisor of p and 22?
22
Suppose -19*s - 34314 = -62*s. What is the greatest common factor of 42 and s?
42
Suppose 5*t - 5 - 160 = 0. Suppose 0 = -t*g + 31*g + 54. What is the highest common divisor of 243 and g?
27
Suppose -4*k - 14 + 6 = 4*l, 0 = 3*k + 5*l + 10. Suppose 4*g - 5*g + 252 = k. Suppose -g + 52 = -5*y. What is the greatest common divisor of 16 and y?
8
Suppose -3*l - 4*l + 392 = 0. Suppose -5*x = 3 - 43. What is the highest common divisor of x and l?
8
Suppose 12*c - 351 = 729. Calculate the greatest common factor of 380 and c.
10
Suppose 0 = y + a - 50, y = -y - 4*a + 100. Let t(m) = m + 1. Let q be (54/(-24))/((-1)/4). Let w be t(q). Calculate the greatest common divisor of y and w.
10
Let s = 1905 + -1842. Let w(z) = 85*z**2 - 1. Let y be w(1). Calculate the highest common factor of y and s.
21
Suppose 3*d + 78 = 5*v, 3*d + 6 = -5*v + 78. Let j be ((-20)/v)/((-4)/138). Let c = j + -10. Calculate the greatest common divisor of c and 9.
9
Suppose 75 = -4*k - 69. Let h = k - -19. Let w = 23 + h. Calculate the greatest common factor of w and 54.
6
Let k be 0*(-2 + 1) - -140. Let s be 2/11 - k/(-77). What is the highest common divisor of s and 20?
2
Suppose 1471 + 433 = 4*d. Suppose 357 = s - d. Suppose 1570 - 457 = 4*p + 3*o, 0 = 3*p + 4*o - s. Calculate the highest common factor of 31 and p.
31
Suppose 0 = 5*h - 19*d + 15*d - 765, 0 = -5*d. Calculate the greatest common divisor of h and 9.
9
Suppose -102 = -2*i + z, -5*i - 11*z + 15*z = -258. Suppose -170 + 670 = 5*k. What is the greatest common factor of i and k?
50
Let h(u) = -u**3 - 5*u**2 + 5*u - 8. Let p be h(-6). Let x be p - 2 - 16*-2. Calculate the highest common factor of x and 14.
14
Let j(i) = 7*i - 24. Let u be j(7). Calculate the highest common factor of u and 5.
5
Let y = 2788 + -660. What is the highest common divisor of 14 and y?
14
Let d = 22 - -10. Let l = d - -4. Let g be 65/7 - (-24)/(-84). Calculate the highest common factor of l and g.
9
Let q = 116 - -101. What is the greatest common factor of 31 and q?
31
Let i(v) = -31*v + 5. Let x be i(5). Let f = x + 215. Suppose -264 + 325 = 20*p - 459. Calculate the highest common divisor of p and f.
13
Suppose -4*r + 108 = -12. Let c be (0 + 1)*-1*1. Let t be r*c/(-2) + -1. What is the highest common divisor of 14 and t?
14
Let q(k) = k**2 - 8*k + 5. 